{"id":2611,"date":"2026-03-04T14:02:25","date_gmt":"2026-03-04T17:02:25","guid":{"rendered":"https:\/\/www.mundilarloja.com.br\/?post_type=product&#038;p=2611"},"modified":"2026-03-04T15:49:20","modified_gmt":"2026-03-04T18:49:20","slug":"boneca-bebe-amor-de-bebe","status":"publish","type":"product","link":"https:\/\/www.mundilarloja.com.br\/?product=boneca-bebe-amor-de-bebe","title":{"rendered":"boneca Beb\u00ea Amor de Beb\u00ea"},"content":{"rendered":"<p>Boneca com aproximadamente 40 cm de altura, confeccionada em vinil macio e at\u00f3xico. Acompanha chupeta e uma naninha listrada, tornando a brincadeira ainda mais especial. Ideal para estimular o afeto e a imagina\u00e7\u00e3o das crian\u00e7as que adoram brincar de cuidar de um beb\u00ea.<\/p>\n","protected":false},"excerpt":{"rendered":"<p>Boneca com aproximadamente 40 cm de altura, confeccionada em vinil macio e at\u00f3xico. Acompanha chupeta e uma naninha listrada, tornando a brincadeira ainda mais especial. Ideal para estimular o afeto e a imagina\u00e7\u00e3o das crian\u00e7as que adoram brincar de cuidar de um beb\u00ea.<\/p>\n","protected":false},"featured_media":2655,"comment_status":"open","ping_status":"closed","template":"","meta":{"_acf_changed":false},"product_brand":[],"product_cat":[66],"product_tag":[],"class_list":{"0":"post-2611","1":"product","2":"type-product","3":"status-publish","4":"has-post-thumbnail","6":"product_cat-brinquedos","8":"first","9":"instock","10":"sale","11":"shipping-taxable","12":"purchasable","13":"product-type-simple"},"acf":[],"_links":{"self":[{"href":"https:\/\/www.mundilarloja.com.br\/index.php?rest_route=\/wp\/v2\/product\/2611","targetHints":{"allow":["GET"]}}],"collection":[{"href":"https:\/\/www.mundilarloja.com.br\/index.php?rest_route=\/wp\/v2\/product"}],"about":[{"href":"https:\/\/www.mundilarloja.com.br\/index.php?rest_route=\/wp\/v2\/types\/product"}],"replies":[{"embeddable":true,"href":"https:\/\/www.mundilarloja.com.br\/index.php?rest_route=%2Fwp%2Fv2%2Fcomments&post=2611"}],"wp:featuredmedia":[{"embeddable":true,"href":"https:\/\/www.mundilarloja.com.br\/index.php?rest_route=\/wp\/v2\/media\/2655"}],"wp:attachment":[{"href":"https:\/\/www.mundilarloja.com.br\/index.php?rest_route=%2Fwp%2Fv2%2Fmedia&parent=2611"}],"wp:term":[{"taxonomy":"product_brand","embeddable":true,"href":"https:\/\/www.mundilarloja.com.br\/index.php?rest_route=%2Fwp%2Fv2%2Fproduct_brand&post=2611"},{"taxonomy":"product_cat","embeddable":true,"href":"https:\/\/www.mundilarloja.com.br\/index.php?rest_route=%2Fwp%2Fv2%2Fproduct_cat&post=2611"},{"taxonomy":"product_tag","embeddable":true,"href":"https:\/\/www.mundilarloja.com.br\/index.php?rest_route=%2Fwp%2Fv2%2Fproduct_tag&post=2611"}],"curies":[{"name":"wp","href":"https:\/\/api.w.org\/{rel}","templated":true}]}}