{"id":2712,"date":"2026-03-05T18:53:56","date_gmt":"2026-03-05T21:53:56","guid":{"rendered":"https:\/\/www.mundilarloja.com.br\/?post_type=product&#038;p=2712"},"modified":"2026-03-05T18:53:56","modified_gmt":"2026-03-05T21:53:56","slug":"boia-inflavel-circular-melancia","status":"publish","type":"product","link":"https:\/\/www.mundilarloja.com.br\/?product=boia-inflavel-circular-melancia","title":{"rendered":"Boia Infl\u00e1vel Circular Melancia"},"content":{"rendered":"<p data-start=\"0\" data-end=\"192\">A boia infl\u00e1vel Circular Melancia da Funs \u00e9 ideal para momentos de divers\u00e3o na \u00e1gua. Com design colorido inspirado em melancia, ela traz um visual divertido que chama a aten\u00e7\u00e3o das crian\u00e7as.<\/p>\n<p data-start=\"194\" data-end=\"350\" data-is-last-node=\"\" data-is-only-node=\"\">Indicada para crian\u00e7as a partir de 5 anos, possui aproximadamente 60 cm de di\u00e2metro e \u00e9 perfeita para uso em piscina ou praia. A embalagem cont\u00e9m 1 unidade.<\/p>\n","protected":false},"excerpt":{"rendered":"<p>A boia infl\u00e1vel Circular Melancia da Funs \u00e9 ideal para momentos de divers\u00e3o na \u00e1gua. Com design colorido inspirado em melancia, ela traz um visual divertido que chama a aten\u00e7\u00e3o das crian\u00e7as. Indicada para crian\u00e7as a partir de 5 anos, possui aproximadamente 60 cm de di\u00e2metro e \u00e9 perfeita para uso em piscina ou praia. [&hellip;]<\/p>\n","protected":false},"featured_media":2711,"comment_status":"open","ping_status":"closed","template":"","meta":{"_acf_changed":false},"product_brand":[],"product_cat":[67],"product_tag":[],"class_list":{"0":"post-2712","1":"product","2":"type-product","3":"status-publish","4":"has-post-thumbnail","6":"product_cat-piscinas-e-inflaveis","8":"first","9":"instock","10":"sale","11":"shipping-taxable","12":"purchasable","13":"product-type-simple"},"acf":[],"_links":{"self":[{"href":"https:\/\/www.mundilarloja.com.br\/index.php?rest_route=\/wp\/v2\/product\/2712","targetHints":{"allow":["GET"]}}],"collection":[{"href":"https:\/\/www.mundilarloja.com.br\/index.php?rest_route=\/wp\/v2\/product"}],"about":[{"href":"https:\/\/www.mundilarloja.com.br\/index.php?rest_route=\/wp\/v2\/types\/product"}],"replies":[{"embeddable":true,"href":"https:\/\/www.mundilarloja.com.br\/index.php?rest_route=%2Fwp%2Fv2%2Fcomments&post=2712"}],"wp:featuredmedia":[{"embeddable":true,"href":"https:\/\/www.mundilarloja.com.br\/index.php?rest_route=\/wp\/v2\/media\/2711"}],"wp:attachment":[{"href":"https:\/\/www.mundilarloja.com.br\/index.php?rest_route=%2Fwp%2Fv2%2Fmedia&parent=2712"}],"wp:term":[{"taxonomy":"product_brand","embeddable":true,"href":"https:\/\/www.mundilarloja.com.br\/index.php?rest_route=%2Fwp%2Fv2%2Fproduct_brand&post=2712"},{"taxonomy":"product_cat","embeddable":true,"href":"https:\/\/www.mundilarloja.com.br\/index.php?rest_route=%2Fwp%2Fv2%2Fproduct_cat&post=2712"},{"taxonomy":"product_tag","embeddable":true,"href":"https:\/\/www.mundilarloja.com.br\/index.php?rest_route=%2Fwp%2Fv2%2Fproduct_tag&post=2712"}],"curies":[{"name":"wp","href":"https:\/\/api.w.org\/{rel}","templated":true}]}}