{"id":2735,"date":"2026-03-06T23:15:40","date_gmt":"2026-03-07T02:15:40","guid":{"rendered":"https:\/\/www.mundilarloja.com.br\/?post_type=product&#038;p=2735"},"modified":"2026-04-13T01:58:31","modified_gmt":"2026-04-13T04:58:31","slug":"faqueiro-25-pecas-new-caprese-vermelho-fratelli","status":"publish","type":"product","link":"https:\/\/www.mundilarloja.com.br\/?product=faqueiro-25-pecas-new-caprese-vermelho-fratelli","title":{"rendered":"Faqueiro 25 Pe\u00e7as New Caprese Vermelho Fratelli"},"content":{"rendered":"<p>O faqueiro New Caprese da Fratelli \u00e9 ideal para compor a mesa com estilo e praticidade. O conjunto conta com 25 pe\u00e7as na cor vermelha, perfeito para o uso no dia a dia ou em ocasi\u00f5es especiais. Possui design moderno e cabos resistentes, proporcionando conforto no manuseio e um toque de eleg\u00e2ncia \u00e0 mesa.<\/p>\n","protected":false},"excerpt":{"rendered":"<p>O faqueiro New Caprese da Fratelli \u00e9 ideal para compor a mesa com estilo e praticidade. O conjunto conta com 25 pe\u00e7as na cor vermelha, perfeito para o uso no dia a dia ou em ocasi\u00f5es especiais. Possui design moderno e cabos resistentes, proporcionando conforto no manuseio e um toque de eleg\u00e2ncia \u00e0 mesa.<\/p>\n","protected":false},"featured_media":2724,"comment_status":"open","ping_status":"closed","template":"","meta":{"_acf_changed":false},"product_brand":[],"product_cat":[69],"product_tag":[],"class_list":{"0":"post-2735","1":"product","2":"type-product","3":"status-publish","4":"has-post-thumbnail","6":"product_cat-utensilios-domesticos","8":"first","9":"instock","10":"shipping-taxable","11":"purchasable","12":"product-type-simple"},"acf":[],"_links":{"self":[{"href":"https:\/\/www.mundilarloja.com.br\/index.php?rest_route=\/wp\/v2\/product\/2735","targetHints":{"allow":["GET"]}}],"collection":[{"href":"https:\/\/www.mundilarloja.com.br\/index.php?rest_route=\/wp\/v2\/product"}],"about":[{"href":"https:\/\/www.mundilarloja.com.br\/index.php?rest_route=\/wp\/v2\/types\/product"}],"replies":[{"embeddable":true,"href":"https:\/\/www.mundilarloja.com.br\/index.php?rest_route=%2Fwp%2Fv2%2Fcomments&post=2735"}],"wp:featuredmedia":[{"embeddable":true,"href":"https:\/\/www.mundilarloja.com.br\/index.php?rest_route=\/wp\/v2\/media\/2724"}],"wp:attachment":[{"href":"https:\/\/www.mundilarloja.com.br\/index.php?rest_route=%2Fwp%2Fv2%2Fmedia&parent=2735"}],"wp:term":[{"taxonomy":"product_brand","embeddable":true,"href":"https:\/\/www.mundilarloja.com.br\/index.php?rest_route=%2Fwp%2Fv2%2Fproduct_brand&post=2735"},{"taxonomy":"product_cat","embeddable":true,"href":"https:\/\/www.mundilarloja.com.br\/index.php?rest_route=%2Fwp%2Fv2%2Fproduct_cat&post=2735"},{"taxonomy":"product_tag","embeddable":true,"href":"https:\/\/www.mundilarloja.com.br\/index.php?rest_route=%2Fwp%2Fv2%2Fproduct_tag&post=2735"}],"curies":[{"name":"wp","href":"https:\/\/api.w.org\/{rel}","templated":true}]}}