{"id":2738,"date":"2026-03-06T23:22:17","date_gmt":"2026-03-07T02:22:17","guid":{"rendered":"https:\/\/www.mundilarloja.com.br\/?post_type=product&#038;p=2738"},"modified":"2026-03-06T23:22:17","modified_gmt":"2026-03-07T02:22:17","slug":"jogo-de-tabuleiro-topa-ou-nao-topa","status":"publish","type":"product","link":"https:\/\/www.mundilarloja.com.br\/?product=jogo-de-tabuleiro-topa-ou-nao-topa","title":{"rendered":"Jogo de Tabuleiro Topa ou N\u00e3o Topa"},"content":{"rendered":"<p>Um jogo divertido de estrat\u00e9gia e sorte, onde o objetivo \u00e9 escolher a maleta com o maior valor em dinheiro e negociar as propostas do banqueiro. Indicado para 2 a 4 jogadores, proporciona momentos de emo\u00e7\u00e3o e tomada de decis\u00f5es durante a partida.<\/p>\n","protected":false},"excerpt":{"rendered":"<p>Um jogo divertido de estrat\u00e9gia e sorte, onde o objetivo \u00e9 escolher a maleta com o maior valor em dinheiro e negociar as propostas do banqueiro. Indicado para 2 a 4 jogadores, proporciona momentos de emo\u00e7\u00e3o e tomada de decis\u00f5es durante a partida.<\/p>\n","protected":false},"featured_media":2730,"comment_status":"open","ping_status":"closed","template":"","meta":{"_acf_changed":false},"product_brand":[],"product_cat":[72],"product_tag":[],"class_list":{"0":"post-2738","1":"product","2":"type-product","3":"status-publish","4":"has-post-thumbnail","6":"product_cat-jogos","8":"first","9":"instock","10":"shipping-taxable","11":"purchasable","12":"product-type-simple"},"acf":[],"_links":{"self":[{"href":"https:\/\/www.mundilarloja.com.br\/index.php?rest_route=\/wp\/v2\/product\/2738","targetHints":{"allow":["GET"]}}],"collection":[{"href":"https:\/\/www.mundilarloja.com.br\/index.php?rest_route=\/wp\/v2\/product"}],"about":[{"href":"https:\/\/www.mundilarloja.com.br\/index.php?rest_route=\/wp\/v2\/types\/product"}],"replies":[{"embeddable":true,"href":"https:\/\/www.mundilarloja.com.br\/index.php?rest_route=%2Fwp%2Fv2%2Fcomments&post=2738"}],"wp:featuredmedia":[{"embeddable":true,"href":"https:\/\/www.mundilarloja.com.br\/index.php?rest_route=\/wp\/v2\/media\/2730"}],"wp:attachment":[{"href":"https:\/\/www.mundilarloja.com.br\/index.php?rest_route=%2Fwp%2Fv2%2Fmedia&parent=2738"}],"wp:term":[{"taxonomy":"product_brand","embeddable":true,"href":"https:\/\/www.mundilarloja.com.br\/index.php?rest_route=%2Fwp%2Fv2%2Fproduct_brand&post=2738"},{"taxonomy":"product_cat","embeddable":true,"href":"https:\/\/www.mundilarloja.com.br\/index.php?rest_route=%2Fwp%2Fv2%2Fproduct_cat&post=2738"},{"taxonomy":"product_tag","embeddable":true,"href":"https:\/\/www.mundilarloja.com.br\/index.php?rest_route=%2Fwp%2Fv2%2Fproduct_tag&post=2738"}],"curies":[{"name":"wp","href":"https:\/\/api.w.org\/{rel}","templated":true}]}}